{"id":14,"date":"2021-08-06T22:09:36","date_gmt":"2021-08-07T01:09:36","guid":{"rendered":"https:\/\/bienalenfermagemunesp.com.br\/?page_id=14"},"modified":"2023-05-30T09:30:43","modified_gmt":"2023-05-30T12:30:43","slug":"o-evento","status":"publish","type":"page","link":"https:\/\/bienalenfermagemunesp.com.br\/2021\/o-evento\/","title":{"rendered":"O Evento"},"content":{"rendered":"\t\t<div data-elementor-type=\"wp-page\" data-elementor-id=\"14\" class=\"elementor elementor-14\">\n\t\t\t\t\t\t\t\t\t<section class=\"elementor-section elementor-top-section elementor-element elementor-element-5565296e elementor-section-height-min-height elementor-section-boxed elementor-section-height-default elementor-section-items-middle\" data-id=\"5565296e\" data-element_type=\"section\" data-settings=\"{&quot;background_background&quot;:&quot;classic&quot;}\">\n\t\t\t\t\t\t<div class=\"elementor-container elementor-column-gap-default\">\n\t\t\t\t\t<div class=\"elementor-column elementor-col-100 elementor-top-column elementor-element elementor-element-1e277ec9\" data-id=\"1e277ec9\" data-element_type=\"column\">\n\t\t\t<div class=\"elementor-widget-wrap elementor-element-populated\">\n\t\t\t\t\t\t\t\t<div class=\"elementor-element elementor-element-72b3fb6d animated-slow elementor-invisible elementor-widget elementor-widget-theme-post-title elementor-page-title elementor-widget-heading\" data-id=\"72b3fb6d\" data-element_type=\"widget\" data-settings=\"{&quot;_animation&quot;:&quot;fadeInDown&quot;}\" data-widget_type=\"theme-post-title.default\">\n\t\t\t\t<div class=\"elementor-widget-container\">\n\t\t\t<style>\/*! elementor - v3.13.2 - 11-05-2023 *\/\n.elementor-heading-title{padding:0;margin:0;line-height:1}.elementor-widget-heading .elementor-heading-title[class*=elementor-size-]>a{color:inherit;font-size:inherit;line-height:inherit}.elementor-widget-heading .elementor-heading-title.elementor-size-small{font-size:15px}.elementor-widget-heading .elementor-heading-title.elementor-size-medium{font-size:19px}.elementor-widget-heading .elementor-heading-title.elementor-size-large{font-size:29px}.elementor-widget-heading .elementor-heading-title.elementor-size-xl{font-size:39px}.elementor-widget-heading .elementor-heading-title.elementor-size-xxl{font-size:59px}<\/style><h1 class=\"elementor-heading-title elementor-size-default\">O Evento<\/h1>\t\t<\/div>\n\t\t\t\t<\/div>\n\t\t\t\t\t<\/div>\n\t\t<\/div>\n\t\t\t\t\t\t\t<\/div>\n\t\t<\/section>\n\t\t\t\t<section class=\"elementor-section elementor-top-section elementor-element elementor-element-3e5741d elementor-section-boxed elementor-section-height-default elementor-section-height-default\" data-id=\"3e5741d\" data-element_type=\"section\">\n\t\t\t\t\t\t<div class=\"elementor-container elementor-column-gap-default\">\n\t\t\t\t\t<div class=\"elementor-column elementor-col-100 elementor-top-column elementor-element elementor-element-4e948a3\" data-id=\"4e948a3\" data-element_type=\"column\">\n\t\t\t<div class=\"elementor-widget-wrap elementor-element-populated\">\n\t\t\t\t\t\t\t\t<div class=\"elementor-element elementor-element-82ff35e elementor-widget elementor-widget-text-editor\" data-id=\"82ff35e\" data-element_type=\"widget\" data-widget_type=\"text-editor.default\">\n\t\t\t\t<div class=\"elementor-widget-container\">\n\t\t\t<style>\/*! elementor - v3.13.2 - 11-05-2023 *\/\n.elementor-widget-text-editor.elementor-drop-cap-view-stacked .elementor-drop-cap{background-color:#69727d;color:#fff}.elementor-widget-text-editor.elementor-drop-cap-view-framed .elementor-drop-cap{color:#69727d;border:3px solid;background-color:transparent}.elementor-widget-text-editor:not(.elementor-drop-cap-view-default) .elementor-drop-cap{margin-top:8px}.elementor-widget-text-editor:not(.elementor-drop-cap-view-default) .elementor-drop-cap-letter{width:1em;height:1em}.elementor-widget-text-editor .elementor-drop-cap{float:left;text-align:center;line-height:1;font-size:50px}.elementor-widget-text-editor .elementor-drop-cap-letter{display:inline-block}<\/style>\t\t\t\t<p align=\"justify\"><span style=\"font-weight: 400;\">A <b>XII Bienal de Enfermagem e IV Simp\u00f3sio Internacional de Enfermagem<\/b>, promovida pelo Departamento de Enfermagem da Faculdade de Medicina de Botucatu, Universidade Cat\u00f3lica Portuguesa e <\/span><span style=\"font-weight: 400;\">Escola Superior de Sa\u00fade Jean Piaget VNG<\/span><span style=\"font-weight: 400;\">,\u00a0 abordar\u00e1 o tema Enfermagem na Pandemia COVID-19: na Sa\u00fade dos Profissionais, no Cuidado, no Ensino e na Pesquisa. \u00c9 voltada a profissionais e alunos de Enfermagem e da \u00e1rea da sa\u00fade, contar\u00e1 com convidados de diversas \u00e1reas e especialistas renomados nacionais e internacionais. Espera-se que essa tem\u00e1tica proporcione atualiza\u00e7\u00e3o em temas da \u00e1rea da Enfermagem e da Sa\u00fade, e propicie reflex\u00f5es e discuss\u00f5es no contexto da pandemia.<\/span><\/p><p align=\"justify\">Bem vindo(a) \u00e0 <b>XII Bienal de Enfermagem e IV Simp\u00f3sio Internacional de Enfermagem<\/b>!<\/p>\t\t\t\t\t\t<\/div>\n\t\t\t\t<\/div>\n\t\t\t\t\t<\/div>\n\t\t<\/div>\n\t\t\t\t\t\t\t<\/div>\n\t\t<\/section>\n\t\t\t\t<section class=\"elementor-section elementor-top-section elementor-element elementor-element-70d2250b elementor-section-content-middle elementor-section-boxed elementor-section-height-default elementor-section-height-default\" data-id=\"70d2250b\" data-element_type=\"section\">\n\t\t\t\t\t\t<div class=\"elementor-container elementor-column-gap-no\">\n\t\t\t\t\t<div class=\"elementor-column elementor-col-100 elementor-top-column elementor-element elementor-element-3857d5b5\" data-id=\"3857d5b5\" data-element_type=\"column\">\n\t\t\t<div class=\"elementor-widget-wrap elementor-element-populated\">\n\t\t\t\t\t\t\t\t<div class=\"elementor-element elementor-element-4cafd08e elementor-widget elementor-widget-toggle\" data-id=\"4cafd08e\" data-element_type=\"widget\" data-widget_type=\"toggle.default\">\n\t\t\t\t<div class=\"elementor-widget-container\">\n\t\t\t<style>\/*! elementor - v3.13.2 - 11-05-2023 *\/\n.elementor-toggle{text-align:left}.elementor-toggle .elementor-tab-title{font-weight:700;line-height:1;margin:0;padding:15px;border-bottom:1px solid #d5d8dc;cursor:pointer;outline:none}.elementor-toggle .elementor-tab-title .elementor-toggle-icon{display:inline-block;width:1em}.elementor-toggle .elementor-tab-title .elementor-toggle-icon svg{-webkit-margin-start:-5px;margin-inline-start:-5px;width:1em;height:1em}.elementor-toggle .elementor-tab-title .elementor-toggle-icon.elementor-toggle-icon-right{float:right;text-align:right}.elementor-toggle .elementor-tab-title .elementor-toggle-icon.elementor-toggle-icon-left{float:left;text-align:left}.elementor-toggle .elementor-tab-title .elementor-toggle-icon .elementor-toggle-icon-closed{display:block}.elementor-toggle .elementor-tab-title .elementor-toggle-icon .elementor-toggle-icon-opened{display:none}.elementor-toggle .elementor-tab-title.elementor-active{border-bottom:none}.elementor-toggle .elementor-tab-title.elementor-active .elementor-toggle-icon-closed{display:none}.elementor-toggle .elementor-tab-title.elementor-active .elementor-toggle-icon-opened{display:block}.elementor-toggle .elementor-tab-content{padding:15px;border-bottom:1px solid #d5d8dc;display:none}@media (max-width:767px){.elementor-toggle .elementor-tab-title{padding:12px}.elementor-toggle .elementor-tab-content{padding:12px 10px}}.e-con-inner>.elementor-widget-toggle,.e-con>.elementor-widget-toggle{width:var(--container-widget-width);--flex-grow:var(--container-widget-flex-grow)}<\/style>\t\t<div class=\"elementor-toggle\" role=\"tablist\">\n\t\t\t\t\t\t\t<div class=\"elementor-toggle-item\">\n\t\t\t\t\t<div id=\"elementor-tab-title-1281\" class=\"elementor-tab-title\" data-tab=\"1\" role=\"tab\" aria-controls=\"elementor-tab-content-1281\" aria-expanded=\"false\">\n\t\t\t\t\t\t\t\t\t\t\t\t<span class=\"elementor-toggle-icon elementor-toggle-icon-right\" aria-hidden=\"true\">\n\t\t\t\t\t\t\t\t\t\t\t\t\t\t\t<span class=\"elementor-toggle-icon-closed\"><i class=\"fas fa-caret-right\"><\/i><\/span>\n\t\t\t\t\t\t\t\t<span class=\"elementor-toggle-icon-opened\"><i class=\"elementor-toggle-icon-opened fas fa-caret-up\"><\/i><\/span>\n\t\t\t\t\t\t\t\t\t\t\t\t\t<\/span>\n\t\t\t\t\t\t\t\t\t\t\t\t<a href=\"\" class=\"elementor-toggle-title\">P\u00fablico Alvo<\/a>\n\t\t\t\t\t<\/div>\n\n\t\t\t\t\t<div id=\"elementor-tab-content-1281\" class=\"elementor-tab-content elementor-clearfix\" data-tab=\"1\" role=\"tabpanel\" aria-labelledby=\"elementor-tab-title-1281\"><p>A <span style=\"font-weight: 400;\"><b>XII Bienal de Enfermagem e IV Simp\u00f3sio Internacional de Enfermagem<\/b><\/span> tem como p\u00fablico alvo acad\u00eamicos e Profissionais de Enfermagem, bem como acad\u00eamicos e Profissionais de outras \u00e1reas da sa\u00fade que desejarem participar das discuss\u00f5es que ser\u00e3o promovidas ou que se interessarem pelos temas abordados nas palestras.\u00a0<\/p><\/div>\n\t\t\t\t<\/div>\n\t\t\t\t\t\t\t<div class=\"elementor-toggle-item\">\n\t\t\t\t\t<div id=\"elementor-tab-title-1282\" class=\"elementor-tab-title\" data-tab=\"2\" role=\"tab\" aria-controls=\"elementor-tab-content-1282\" aria-expanded=\"false\">\n\t\t\t\t\t\t\t\t\t\t\t\t<span class=\"elementor-toggle-icon elementor-toggle-icon-right\" aria-hidden=\"true\">\n\t\t\t\t\t\t\t\t\t\t\t\t\t\t\t<span class=\"elementor-toggle-icon-closed\"><i class=\"fas fa-caret-right\"><\/i><\/span>\n\t\t\t\t\t\t\t\t<span class=\"elementor-toggle-icon-opened\"><i class=\"elementor-toggle-icon-opened fas fa-caret-up\"><\/i><\/span>\n\t\t\t\t\t\t\t\t\t\t\t\t\t<\/span>\n\t\t\t\t\t\t\t\t\t\t\t\t<a href=\"\" class=\"elementor-toggle-title\">Atividades Complementares<\/a>\n\t\t\t\t\t<\/div>\n\n\t\t\t\t\t<div id=\"elementor-tab-content-1282\" class=\"elementor-tab-content elementor-clearfix\" data-tab=\"2\" role=\"tabpanel\" aria-labelledby=\"elementor-tab-title-1282\"><p>O(a) participante da <span style=\"font-weight: 400;\"><b>XII Bienal de Enfermagem e IV Simp\u00f3sio Internacional de Enfermagem<\/b><\/span> ter\u00e1 a oportunidade de participar, al\u00e9m das palestras da programa\u00e7\u00e3o normal, de cursos e mesas redonda, atividades a serem realizadas em paralelo, abordando temas variados.<\/p><p>Al\u00e9m disso, ser\u00e1 facultado ao congressista a possibilidade de enviar trabalhos para divulga\u00e7\u00e3o de suas produ\u00e7\u00f5es cient\u00edficas.<\/p><\/div>\n\t\t\t\t<\/div>\n\t\t\t\t\t\t\t<div class=\"elementor-toggle-item\">\n\t\t\t\t\t<div id=\"elementor-tab-title-1283\" class=\"elementor-tab-title\" data-tab=\"3\" role=\"tab\" aria-controls=\"elementor-tab-content-1283\" aria-expanded=\"false\">\n\t\t\t\t\t\t\t\t\t\t\t\t<span class=\"elementor-toggle-icon elementor-toggle-icon-right\" aria-hidden=\"true\">\n\t\t\t\t\t\t\t\t\t\t\t\t\t\t\t<span class=\"elementor-toggle-icon-closed\"><i class=\"fas fa-caret-right\"><\/i><\/span>\n\t\t\t\t\t\t\t\t<span class=\"elementor-toggle-icon-opened\"><i class=\"elementor-toggle-icon-opened fas fa-caret-up\"><\/i><\/span>\n\t\t\t\t\t\t\t\t\t\t\t\t\t<\/span>\n\t\t\t\t\t\t\t\t\t\t\t\t<a href=\"\" class=\"elementor-toggle-title\">Premia\u00e7\u00e3o cient\u00edfica<\/a>\n\t\t\t\t\t<\/div>\n\n\t\t\t\t\t<div id=\"elementor-tab-content-1283\" class=\"elementor-tab-content elementor-clearfix\" data-tab=\"3\" role=\"tabpanel\" aria-labelledby=\"elementor-tab-title-1283\"><p>Os autores que desejarem concorrer a premi\u00e7\u00e3o dever\u00e3o submeter, al\u00e9m do resumo expandido, o trabalho na \u00edntegra com aproximadamente 4000 palavras (em arquivo PDF, podendo conter tabelas, quadros, gr\u00e1ficos ou figuras), resultando em cerca de 15 p\u00e1ginas, incluindo a discuss\u00e3o, aos itens j\u00e1 listados para o resumo expandido (Quadro 1).<\/p><p>Para a vers\u00e3o na \u00edntegra, seguir as normas Vancouver para apresenta\u00e7\u00e3o de artigos cient\u00edficos, cita\u00e7\u00f5es e refer\u00eancias.<\/p><p>Somente concorrer\u00e3o \u00e0 pr\u00eamia\u00e7\u00e3o trabalhos apresentados no evento na modalidade oral.<\/p><p>Conhe\u00e7a as <a href=\"https:\/\/bienalenfermagemunesp.com.br\/2021\/trabalhos\/\"><b>Normas para a submiss\u00e3o de trabalhos cient\u00edficos<\/b><\/a>.<\/p><\/div>\n\t\t\t\t<\/div>\n\t\t\t\t\t\t\t\t<\/div>\n\t\t\t\t<\/div>\n\t\t\t\t<\/div>\n\t\t\t\t\t<\/div>\n\t\t<\/div>\n\t\t\t\t\t\t\t<\/div>\n\t\t<\/section>\n\t\t\t\t\t\t\t<\/div>\n\t\t","protected":false},"excerpt":{"rendered":"<p>A XII Bienal de Enfermagem e IV Simp\u00f3sio Internacional de Enfermagem, promovida pelo Departamento de Enfermagem da Faculdade de Medicina de Botucatu, Universidade Cat\u00f3lica Portuguesa e Escola Superior de Sa\u00fade Jean Piaget VNG,\u00a0 abordar\u00e1 o tema Enfermagem na Pandemia COVID-19: na Sa\u00fade dos Profissionais, no Cuidado, no Ensino e na Pesquisa. \u00c9 voltada a profissionais [&hellip;]<\/p>\n","protected":false},"author":1,"featured_media":0,"parent":0,"menu_order":0,"comment_status":"closed","ping_status":"closed","template":"elementor_header_footer","meta":[],"aioseo_notices":[],"_links":{"self":[{"href":"https:\/\/bienalenfermagemunesp.com.br\/2021\/wp-json\/wp\/v2\/pages\/14"}],"collection":[{"href":"https:\/\/bienalenfermagemunesp.com.br\/2021\/wp-json\/wp\/v2\/pages"}],"about":[{"href":"https:\/\/bienalenfermagemunesp.com.br\/2021\/wp-json\/wp\/v2\/types\/page"}],"author":[{"embeddable":true,"href":"https:\/\/bienalenfermagemunesp.com.br\/2021\/wp-json\/wp\/v2\/users\/1"}],"replies":[{"embeddable":true,"href":"https:\/\/bienalenfermagemunesp.com.br\/2021\/wp-json\/wp\/v2\/comments?post=14"}],"version-history":[{"count":58,"href":"https:\/\/bienalenfermagemunesp.com.br\/2021\/wp-json\/wp\/v2\/pages\/14\/revisions"}],"predecessor-version":[{"id":1425,"href":"https:\/\/bienalenfermagemunesp.com.br\/2021\/wp-json\/wp\/v2\/pages\/14\/revisions\/1425"}],"wp:attachment":[{"href":"https:\/\/bienalenfermagemunesp.com.br\/2021\/wp-json\/wp\/v2\/media?parent=14"}],"curies":[{"name":"wp","href":"https:\/\/api.w.org\/{rel}","templated":true}]}}